
{"id":3814,"date":"2016-03-04T17:29:06","date_gmt":"2016-03-04T16:29:06","guid":{"rendered":"https:\/\/projects.grupomainjobs.com\/?page_id=3814"},"modified":"2022-08-30T12:35:43","modified_gmt":"2022-08-30T11:35:43","slug":"3814-2","status":"publish","type":"page","link":"https:\/\/projects.grupomainjobs.com\/eng\/3814-2\/","title":{"rendered":"CoolHunting and Employer Branding"},"content":{"rendered":"<p>And he was right. In addition to knowing the latest trends in human resources, you have to be up to date on what <strong>new profiles or types of professionals <\/strong>They can nourish an organization. Only in this way can we incorporate people into our team who can respond to those real and essential needs for our company.<\/p>\n<p>But the most qualified profiles only want to go to top teams. That is why it is no longer enough to offer, we must also <strong>seduce and convince<\/strong>, reinforcing the brand image. <strong>Marketing and human resources always go hand in hand.<\/strong><\/p>\n<hr \/>\n<h4><strong>Don&#039;t be left with doubts, write to us:<\/strong><\/h4>\n\n<div class=\"wpcf7 no-js\" id=\"wpcf7-f31-o1\" lang=\"es-ES\" dir=\"ltr\" data-wpcf7-id=\"31\">\n<div class=\"screen-reader-response\"><p role=\"status\" aria-live=\"polite\" aria-atomic=\"true\"><\/p> <ul><\/ul><\/div>\n<form action=\"\/eng\/wp-json\/wp\/v2\/pages\/3814#wpcf7-f31-o1\" method=\"post\" class=\"wpcf7-form init\" aria-label=\"Contact Form\" novalidate=\"novalidate\" data-status=\"init\" data-trp-original-action=\"\/eng\/wp-json\/wp\/v2\/pages\/3814#wpcf7-f31-o1\">\n<fieldset class=\"hidden-fields-container\"><input type=\"hidden\" name=\"_wpcf7\" value=\"31\" \/><input type=\"hidden\" name=\"_wpcf7_version\" value=\"6.1.4\" \/><input type=\"hidden\" name=\"_wpcf7_locale\" value=\"es_ES\" \/><input type=\"hidden\" name=\"_wpcf7_unit_tag\" value=\"wpcf7-f31-o1\" \/><input type=\"hidden\" name=\"_wpcf7_container_post\" value=\"0\" \/><input type=\"hidden\" name=\"_wpcf7_posted_data_hash\" value=\"\" \/><input type=\"hidden\" name=\"_wpcf7_recaptcha_response\" value=\"\" \/>\n<\/fieldset>\n<div class=\"form-horizontal form-contacto\">\n\t<div class=\"container-title-category title\">\n\t\t<h2 class=\"title-category title-servicios\">You present yourself?\n\t\t<\/h2>\n\t\t<p><span class=\"linea\"><\/span>\n\t\t<\/p>\n\t<\/div>\n\t<p class=\"\"><span class=\"wpcf7-form-control-wrap\" data-name=\"form-name\"><input size=\"40\" maxlength=\"400\" class=\"wpcf7-form-control wpcf7-text wpcf7-validates-as-required\" aria-required=\"true\" aria-invalid=\"false\" placeholder=\"Hello! What is your name?\" value=\"\" type=\"text\" name=\"form-name\" \/><\/span>\n\t<\/p>\n\t<p class=\"e\"><span class=\"wpcf7-form-control-wrap\" data-name=\"form-email\"><input size=\"40\" maxlength=\"400\" class=\"wpcf7-form-control wpcf7-email wpcf7-validates-as-required wpcf7-text wpcf7-validates-as-email\" aria-required=\"true\" aria-invalid=\"false\" placeholder=\"Can you leave us your email? We will answer you there and we will balance agendas to meet\" value=\"\" type=\"email\" name=\"form-email\" \/><\/span>\n\t<\/p>\n\t<p class=\"\"><span class=\"wpcf7-form-control-wrap\" data-name=\"form-ubicacion\"><input size=\"40\" maxlength=\"400\" class=\"wpcf7-form-control wpcf7-text wpcf7-validates-as-required\" aria-required=\"true\" aria-invalid=\"false\" placeholder=\"Where on the map do you live?\" value=\"\" type=\"text\" name=\"form-ubicacion\" \/><\/span>\n\t<\/p>\n\t<p class=\"\"><span class=\"wpcf7-form-control-wrap\" data-name=\"form-dedicacion\"><input size=\"40\" maxlength=\"400\" class=\"wpcf7-form-control wpcf7-text wpcf7-validates-as-required\" aria-required=\"true\" aria-invalid=\"false\" placeholder=\"What do you do for a living?\" value=\"\" type=\"text\" name=\"form-dedicacion\" \/><\/span>\n\t<\/p>\n\t<div class=\"container-title-category title\">\n\t\t<h2 class=\"title-category title-servicios\">Your company or public administration\n\t\t<\/h2>\n\t\t<p><span class=\"linea\"><\/span>\n\t\t<\/p>\n\t<\/div>\n\t<p class=\"\"><span class=\"wpcf7-form-control-wrap\" data-name=\"Empresa\"><input size=\"40\" maxlength=\"400\" class=\"wpcf7-form-control wpcf7-text\" aria-invalid=\"false\" placeholder=\"Name of your company or public administration\" value=\"\" type=\"text\" name=\"Empresa\" \/><\/span>\n\t<\/p>\n\t<p class=\"\"><span class=\"wpcf7-form-control-wrap\" data-name=\"Num-trabajadores\"><input size=\"40\" maxlength=\"400\" class=\"wpcf7-form-control wpcf7-text\" aria-invalid=\"false\" placeholder=\"How many people are you working?\" value=\"\" type=\"text\" name=\"Num-trabajadores\" \/><\/span>\n\t<\/p>\n\t<p class=\"\"><span class=\"wpcf7-form-control-wrap\" data-name=\"Telefono\"><input size=\"40\" maxlength=\"400\" class=\"wpcf7-form-control wpcf7-text\" aria-invalid=\"false\" placeholder=\"We promise not to call at undesirable times. If you have an extension at work, indicate it.\" value=\"\" type=\"text\" name=\"Telefono\" \/><\/span>\n\t<\/p>\n\t<p class=\"email\"><span class=\"wpcf7-form-control-wrap\" data-name=\"Email-Empresa\"><input size=\"40\" maxlength=\"400\" class=\"wpcf7-form-control wpcf7-text\" aria-invalid=\"false\" placeholder=\"What email do you use in your company?\" value=\"\" type=\"text\" name=\"Email-Empresa\" \/><\/span>\n\t<\/p>\n\t<p class=\"mensaje\"><span class=\"wpcf7-form-control-wrap\" data-name=\"form-mensaje\"><textarea cols=\"40\" rows=\"10\" maxlength=\"2000\" class=\"wpcf7-form-control wpcf7-textarea wpcf7-validates-as-required\" aria-required=\"true\" aria-invalid=\"false\" placeholder=\"Tell us what you need, what you are looking for...\" name=\"form-mensaje\"><\/textarea><\/span>\n\t<\/p>\n\t<p><label class=\"checkbox-inline\" for=\"checkboxes-0\"><span class=\"wpcf7-form-control-wrap\" data-name=\"acepto\"><span class=\"wpcf7-form-control wpcf7-acceptance\"><span class=\"wpcf7-list-item\"><input type=\"checkbox\" name=\"acepto\" value=\"1\" aria-invalid=\"false\" \/><\/span><\/span><\/span>I accept that my personal data is processed in accordance with the <a href=\"politica-de-privacidad\" target=\"_blank\">Privacy Policy.<\/a><\/label>\n\t<\/p>\n\t<div class=\"form-group\">\n\t\t<p class=\"mensaje politica-box\" style=\"text-align: justify; font-size: 12px; width: 90%; padding: 0 5%;\">Mainjobs Group informs you that the data in this form will be processed by MAINJOBS INTERNACIONAL EDUCATIVA Y TECNOLOGICA SA as the person responsible for this website. The purpose of collecting and processing personal data is to respond to the query made as well as to send information about the services of the data controller. Legitimation is the consent of the interest. You can exercise your rights of access, rectification, limitation and deletion of data in <a href=\"mailto:cumplimiento@projects.grupomainjobs.com\">cumplimiento@projects.grupomainjobs.com<\/a> as well as the right to file a claim with the supervisory authority. You can consult additional and detailed information on Data Protection in the Privacy Policy that you will find on our websitegrupomainjobs.com\n\t\t<\/p>\n\t\t<p class=\"mensaje\">I want to receive information from Grupo Mainjobs\n\t\t<\/p>\n\t\t<p><span class=\"wpcf7-form-control-wrap\" data-name=\"QuierorecibirinformacindeGrupoMainjobs\"><span class=\"wpcf7-form-control wpcf7-checkbox wpcf7-validates-as-required\"><span class=\"wpcf7-list-item first\"><input type=\"checkbox\" name=\"QuierorecibirinformacindeGrupoMainjobs[]\" value=\"S\u00ed\" \/><span class=\"wpcf7-list-item-label\">Yeah<\/span><\/span><span class=\"wpcf7-list-item last\"><input type=\"checkbox\" name=\"QuierorecibirinformacindeGrupoMainjobs[]\" value=\"No\" \/><span class=\"wpcf7-list-item-label\">No<\/span><\/span><\/span><\/span><br \/>\n<label for=\"enviar\" class=\"row control-label\"><\/label><br \/>\n<input class=\"wpcf7-form-control wpcf7-submit has-spinner\" type=\"submit\" value=\"Send\" \/>\n\t\t<\/p>\n\t<\/div>\n<\/div><div class=\"wpcf7-response-output\" aria-hidden=\"true\"><\/div>\n<input type=\"hidden\" name=\"trp-form-language\" value=\"eng\"\/><\/form>\n<\/div>","protected":false},"excerpt":{"rendered":"<p>Y llevaba raz\u00f3n. Adem\u00e1s de conocer las \u00faltimas tendencias en recursos humanos, hay que estar al d\u00eda en qu\u00e9 nuevos perfiles o tipos de profesionales pueden nutrir una organizaci\u00f3n. S\u00f3lo [&hellip;]<\/p>","protected":false},"author":9192194,"featured_media":3791,"parent":0,"menu_order":0,"comment_status":"closed","ping_status":"closed","template":"","meta":{"inline_featured_image":false,"advgb_blocks_editor_width":"","advgb_blocks_columns_visual_guide":"","_joinchat":[],"footnotes":""},"class_list":["post-3814","page","type-page","status-publish","has-post-thumbnail","hentry"],"acf":[],"coauthors":[],"author_meta":{"author_link":"https:\/\/projects.grupomainjobs.com\/eng\/author\/minfantes\/","display_name":"Comunicaci\u00f3n Mainjobs"},"relative_dates":{"created":"Posted 10 years ago","modified":"Updated 4 years ago"},"absolute_dates":{"created":"Posted on March 4, 2016","modified":"Updated on August 30, 2022"},"absolute_dates_time":{"created":"Posted on March 4, 2016 17:29","modified":"Updated on August 30, 2022 12:35"},"featured_img_caption":"","featured_img":"https:\/\/projects.grupomainjobs.com\/wp-content\/uploads\/2016\/03\/gleise-1066111_960_720.jpg","series_order":"","_links":{"self":[{"href":"https:\/\/projects.grupomainjobs.com\/eng\/wp-json\/wp\/v2\/pages\/3814","targetHints":{"allow":["GET"]}}],"collection":[{"href":"https:\/\/projects.grupomainjobs.com\/eng\/wp-json\/wp\/v2\/pages"}],"about":[{"href":"https:\/\/projects.grupomainjobs.com\/eng\/wp-json\/wp\/v2\/types\/page"}],"author":[{"embeddable":true,"href":"https:\/\/projects.grupomainjobs.com\/eng\/wp-json\/wp\/v2\/users\/9192194"}],"replies":[{"embeddable":true,"href":"https:\/\/projects.grupomainjobs.com\/eng\/wp-json\/wp\/v2\/comments?post=3814"}],"version-history":[{"count":6,"href":"https:\/\/projects.grupomainjobs.com\/eng\/wp-json\/wp\/v2\/pages\/3814\/revisions"}],"predecessor-version":[{"id":12626,"href":"https:\/\/projects.grupomainjobs.com\/eng\/wp-json\/wp\/v2\/pages\/3814\/revisions\/12626"}],"wp:featuredmedia":[{"embeddable":true,"href":"https:\/\/projects.grupomainjobs.com\/eng\/wp-json\/wp\/v2\/media\/3791"}],"wp:attachment":[{"href":"https:\/\/projects.grupomainjobs.com\/eng\/wp-json\/wp\/v2\/media?parent=3814"}],"curies":[{"name":"wp","href":"https:\/\/api.w.org\/{rel}","templated":true}]}}