
{"id":23445,"date":"2024-02-02T13:14:06","date_gmt":"2024-02-02T12:14:06","guid":{"rendered":"https:\/\/projects.grupomainjobs.com\/?page_id=23445"},"modified":"2024-02-13T10:23:18","modified_gmt":"2024-02-13T09:23:18","slug":"solicitud-de-empleo","status":"publish","type":"page","link":"https:\/\/projects.grupomainjobs.com\/eng\/unete-a-nuestro-equipo\/solicitud-de-empleo\/","title":{"rendered":"Job application"},"content":{"rendered":"<div class=\"gb-container gb-container-e512f72a\">\n<div class=\"gb-container gb-container-f307d41d\">\n<div class=\"gb-container gb-container-64cf6cb8\">\n<div class=\"gb-grid-wrapper gb-grid-wrapper-5a6e7de9\">\n<div class=\"gb-grid-column gb-grid-column-e83f4d48\"><div class=\"gb-container gb-container-e83f4d48\">\n\n<figure class=\"gb-block-image gb-block-image-b115a507\"><img decoding=\"async\" width=\"188\" height=\"188\" class=\"gb-image gb-image-b115a507\" src=\"https:\/\/projects.grupomainjobs.com\/wp-content\/uploads\/2023\/09\/avatar-comunicacion-grupo-mainjobs.png\" alt=\"\" title=\"avatar communication group mainjobs\" srcset=\"https:\/\/projects.grupomainjobs.com\/wp-content\/uploads\/2023\/09\/avatar-comunicacion-grupo-mainjobs.png 188w, https:\/\/projects.grupomainjobs.com\/wp-content\/uploads\/2023\/09\/avatar-comunicacion-grupo-mainjobs-150x150.png 150w, https:\/\/projects.grupomainjobs.com\/wp-content\/uploads\/2023\/09\/avatar-comunicacion-grupo-mainjobs-12x12.png 12w, https:\/\/projects.grupomainjobs.com\/wp-content\/uploads\/2023\/09\/avatar-comunicacion-grupo-mainjobs-100x100.png 100w\" sizes=\"(max-width: 188px) 100vw, 188px\" \/><\/figure>\n\n\n<div class=\"gb-container gb-container-3c8b9b54\">\n\n<a class=\"gb-button gb-button-6c176572 gb-button-text\" href=\"\/trabaja-con-nosotros#ofertas\"><strong>See all jobs<\/strong><\/a>\n\n<\/div>\n<\/div><\/div>\n\n<div class=\"gb-grid-column gb-grid-column-46c7b07b\"><div class=\"gb-container gb-container-46c7b07b\">\n\n<h2 class=\"gb-headline gb-headline-f0cd2311 gb-headline-text\">Application for job application<\/h2>\n\n\n\n<p class=\"gb-headline gb-headline-67d0e18e gb-headline-text curso\"><\/p>\n\n\n<div class=\"wpforms-container wpforms-container-full wpforms-block wpforms-block-b2680c39-6e12-477c-a4b9-a2b5f6e4fed9 wpforms-render-modern\" id=\"wpforms-23481\"><form id=\"wpforms-form-23481\" class=\"wpforms-validate wpforms-form wpforms-ajax-form\" data-formid=\"23481\" method=\"post\" enctype=\"multipart\/form-data\" action=\"\/eng\/wp-json\/wp\/v2\/pages\/23445?wpforms_form_id=23481\" data-token=\"d6ebf925920695dfd38893ad68dbbf91\" data-token-time=\"1775357184\" data-trp-original-action=\"\/eng\/wp-json\/wp\/v2\/pages\/23445?wpforms_form_id=23481\"><noscript class=\"wpforms-error-noscript\">Please enable JavaScript in your browser to complete this form.<\/noscript><div id=\"wpforms-error-noscript\" style=\"display: none;\">Please enable JavaScript in your browser to complete this form.<\/div><div class=\"wpforms-field-container\"><div id=\"wpforms-23481-field_1-container\" class=\"wpforms-field wpforms-field-layout\" data-field-type=\"layout\" data-field-id=\"1\"><div class=\"wpforms-field-layout-columns wpforms-field-layout-preset-50-50\"><div class=\"wpforms-layout-column wpforms-layout-column-50\" ><div id=\"wpforms-23481-field_2-container\" class=\"wpforms-field wpforms-field-text\" data-field-type=\"text\" data-field-id=\"2\"><label class=\"wpforms-field-label\" for=\"wpforms-23481-field_2\">Full name <span class=\"wpforms-required-label\" aria-hidden=\"true\">*<\/span><\/label><input type=\"text\" id=\"wpforms-23481-field_2\" class=\"wpforms-field-medium wpforms-field-required\" name=\"wpforms[fields][2]\" aria-errormessage=\"wpforms-23481-field_2-error\" required><\/div><div id=\"wpforms-23481-field_11-container\" class=\"wpforms-field wpforms-field-email\" data-field-type=\"email\" data-field-id=\"11\"><label class=\"wpforms-field-label\" for=\"wpforms-23481-field_11\">Email <span class=\"wpforms-required-label\" aria-hidden=\"true\">*<\/span><\/label><input type=\"email\" id=\"wpforms-23481-field_11\" class=\"wpforms-field-medium wpforms-field-required\" name=\"wpforms[fields][11]\" spellcheck=\"false\" aria-errormessage=\"wpforms-23481-field_11-error\" required><\/div><\/div><div class=\"wpforms-layout-column wpforms-layout-column-50\" ><div id=\"wpforms-23481-field_10-container\" class=\"wpforms-field wpforms-field-phone\" data-field-type=\"phone\" data-field-id=\"10\"><label class=\"wpforms-field-label\" for=\"wpforms-23481-field_10\">Telephone contact <span class=\"wpforms-required-label\" aria-hidden=\"true\">*<\/span><\/label><input type=\"tel\" id=\"wpforms-23481-field_10\" class=\"wpforms-field-medium wpforms-field-required wpforms-smart-phone-field\" data-rule-smart-phone-field=\"true\" name=\"wpforms[fields][10]\" aria-label=\"Telephone contact\" aria-errormessage=\"wpforms-23481-field_10-error\" required><\/div><div id=\"wpforms-23481-field_12-container\" class=\"wpforms-field wpforms-field-url\" data-field-type=\"url\" data-field-id=\"12\"><label class=\"wpforms-field-label\" for=\"wpforms-23481-field_12\">LinkedIn URL <span class=\"wpforms-required-label\" aria-hidden=\"true\">*<\/span><\/label><input type=\"url\" id=\"wpforms-23481-field_12\" class=\"wpforms-field-medium wpforms-field-required\" name=\"wpforms[fields][12]\" aria-errormessage=\"wpforms-23481-field_12-error\" required><\/div><\/div><\/div><\/div><div id=\"wpforms-23481-field_16-container\" class=\"wpforms-field wpforms-field-select wpforms-conditional-field wpforms-conditional-show wpforms-field-select-style-classic\" data-field-type=\"select\" data-field-id=\"16\" style=\"display:none;\"><label class=\"wpforms-field-label\" for=\"wpforms-23481-field_16\">Could you work rotating morning and afternoon shifts? <span class=\"wpforms-required-label\" aria-hidden=\"true\">*<\/span><\/label><select id=\"wpforms-23481-field_16\" class=\"wpforms-field-large wpforms-field-required\" name=\"wpforms[fields][16]\" required=\"required\"><option value=\"\" class=\"placeholder\" disabled selected='selected'>Select option<\/option><option value=\"S\u00ed\"  class=\"choice-1 depth-1\"  >Yeah<\/option><option value=\"No\"  class=\"choice-2 depth-1\"  >No<\/option><\/select><\/div><div id=\"wpforms-23481-field_17-container\" class=\"wpforms-field wpforms-field-select wpforms-conditional-field wpforms-conditional-show wpforms-field-select-style-classic\" data-field-type=\"select\" data-field-id=\"17\" style=\"display:none;\"><label class=\"wpforms-field-label\" for=\"wpforms-23481-field_17\">Do you have 1 year or more of sales experience? <span class=\"wpforms-required-label\" aria-hidden=\"true\">*<\/span><\/label><select id=\"wpforms-23481-field_17\" class=\"wpforms-field-large wpforms-field-required\" name=\"wpforms[fields][17]\" required=\"required\"><option value=\"\" class=\"placeholder\" disabled selected='selected'>Select option<\/option><option value=\"S\u00ed\"  class=\"choice-1 depth-1\"  >Yeah<\/option><option value=\"No\"  class=\"choice-2 depth-1\"  >No<\/option><\/select><\/div><div id=\"wpforms-23481-field_18-container\" class=\"wpforms-field wpforms-field-select wpforms-conditional-field wpforms-conditional-show wpforms-field-select-style-classic\" data-field-type=\"select\" data-field-id=\"18\" style=\"display:none;\"><label class=\"wpforms-field-label\" for=\"wpforms-23481-field_18\">The work is in 100% face-to-face mode, do you have any problems working in this mode? <span class=\"wpforms-required-label\" aria-hidden=\"true\">*<\/span><\/label><select id=\"wpforms-23481-field_18\" class=\"wpforms-field-large wpforms-field-required\" name=\"wpforms[fields][18]\" required=\"required\"><option value=\"\" class=\"placeholder\" disabled selected='selected'>Select option<\/option><option value=\"S\u00ed\"  class=\"choice-1 depth-1\"  >Yeah<\/option><option value=\"No\"  class=\"choice-2 depth-1\"  >No<\/option><\/select><\/div><div id=\"wpforms-23481-field_19-container\" class=\"wpforms-field wpforms-field-select wpforms-conditional-field wpforms-conditional-show wpforms-field-select-style-classic\" data-field-type=\"select\" data-field-id=\"19\" style=\"display:none;\"><label class=\"wpforms-field-label\" for=\"wpforms-23481-field_19\">We need to fill this vacancy urgently. Could you join us immediately?  <span class=\"wpforms-required-label\" aria-hidden=\"true\">*<\/span><\/label><select id=\"wpforms-23481-field_19\" class=\"wpforms-field-large wpforms-field-required\" name=\"wpforms[fields][19]\" required=\"required\"><option value=\"\" class=\"placeholder\" disabled selected='selected'>Select option<\/option><option value=\"S\u00ed\"  class=\"choice-1 depth-1\"  >Yeah<\/option><option value=\"No\"  class=\"choice-2 depth-1\"  >No<\/option><\/select><\/div><div id=\"wpforms-23481-field_21-container\" class=\"wpforms-field wpforms-field-text wpforms-conditional-field wpforms-conditional-show\" data-field-type=\"text\" data-field-id=\"21\" style=\"display:none;\"><label class=\"wpforms-field-label\" for=\"wpforms-23481-field_21\">What are your monthly salary expectations?  <span class=\"wpforms-required-label\" aria-hidden=\"true\">*<\/span><\/label><input type=\"text\" id=\"wpforms-23481-field_21\" class=\"wpforms-field-large wpforms-field-required\" name=\"wpforms[fields][21]\" aria-errormessage=\"wpforms-23481-field_21-error\" required><\/div><div id=\"wpforms-23481-field_22-container\" class=\"wpforms-field wpforms-field-select wpforms-conditional-field wpforms-conditional-show wpforms-field-select-style-classic\" data-field-type=\"select\" data-field-id=\"22\" style=\"display:none;\"><label class=\"wpforms-field-label\" for=\"wpforms-23481-field_22\">How many years of experience do you have as a Project Manager or e-learning training technician?  <span class=\"wpforms-required-label\" aria-hidden=\"true\">*<\/span><\/label><select id=\"wpforms-23481-field_22\" class=\"wpforms-field-large wpforms-field-required\" name=\"wpforms[fields][22]\" required=\"required\"><option value=\"\" class=\"placeholder\" disabled selected='selected'>Select option<\/option><option value=\"No tengo\"  class=\"choice-1 depth-1\"  >Don&#039;t have<\/option><option value=\"Menos de un a\u00f1o\"  class=\"choice-2 depth-1\"  >Less than a year<\/option><option value=\"2 a\u00f1os\"  class=\"choice-4 depth-1\"  >2 years<\/option><option value=\"3 a\u00f1os\"  class=\"choice-5 depth-1\"  >3 years<\/option><option value=\"4 a\u00f1os\"  class=\"choice-6 depth-1\"  >4 years<\/option><option value=\"5 a\u00f1os\"  class=\"choice-7 depth-1\"  >5 years<\/option><option value=\"M\u00e1s de 5 a\u00f1os\"  class=\"choice-8 depth-1\"  >More than 5 years<\/option><\/select><\/div><div id=\"wpforms-23481-field_23-container\" class=\"wpforms-field wpforms-field-textarea wpforms-conditional-field wpforms-conditional-show\" data-field-type=\"textarea\" data-field-id=\"23\" style=\"display:none;\"><label class=\"wpforms-field-label\" for=\"wpforms-23481-field_23\">Explain your experience as a Project Manager or training technician  <span class=\"wpforms-required-label\" aria-hidden=\"true\">*<\/span><\/label><textarea id=\"wpforms-23481-field_23\" class=\"wpforms-field-medium wpforms-field-required wpforms-limit-characters-enabled\" data-form-id=\"23481\" data-field-id=\"23\" data-text-limit=\"700\" name=\"wpforms[fields][23]\" aria-errormessage=\"wpforms-23481-field_23-error\" maxlength=\"700\" required><\/textarea><\/div><div id=\"wpforms-23481-field_24-container\" class=\"wpforms-field wpforms-field-select wpforms-conditional-field wpforms-conditional-show wpforms-field-select-style-classic\" data-field-type=\"select\" data-field-id=\"24\" style=\"display:none;\"><label class=\"wpforms-field-label\" for=\"wpforms-23481-field_24\">Are you interested in a part-time contract of 25 hours per week? <span class=\"wpforms-required-label\" aria-hidden=\"true\">*<\/span><\/label><select id=\"wpforms-23481-field_24\" class=\"wpforms-field-large wpforms-field-required\" name=\"wpforms[fields][24]\" required=\"required\"><option value=\"\" class=\"placeholder\" disabled selected='selected'>Select option<\/option><option value=\"S\u00ed\"  class=\"choice-1 depth-1\"  >Yeah<\/option><option value=\"No\"  class=\"choice-2 depth-1\"  >No<\/option><\/select><\/div><div id=\"wpforms-23481-field_25-container\" class=\"wpforms-field wpforms-field-select wpforms-conditional-field wpforms-conditional-show wpforms-field-select-style-classic\" data-field-type=\"select\" data-field-id=\"25\" style=\"display:none;\"><label class=\"wpforms-field-label\" for=\"wpforms-23481-field_25\">Could you work rotating morning and afternoon shifts? <span class=\"wpforms-required-label\" aria-hidden=\"true\">*<\/span><\/label><select id=\"wpforms-23481-field_25\" class=\"wpforms-field-large wpforms-field-required\" name=\"wpforms[fields][25]\" required=\"required\"><option value=\"\" class=\"placeholder\" disabled selected='selected'>Select option<\/option><option value=\"S\u00ed\"  class=\"choice-1 depth-1\"  >Yeah<\/option><option value=\"No\"  class=\"choice-2 depth-1\"  >No<\/option><\/select><\/div><div id=\"wpforms-23481-field_26-container\" class=\"wpforms-field wpforms-field-select wpforms-conditional-field wpforms-conditional-show wpforms-field-select-style-classic\" data-field-type=\"select\" data-field-id=\"26\" style=\"display:none;\"><label class=\"wpforms-field-label\" for=\"wpforms-23481-field_26\">Do you have 1 year or more of sales experience?  <span class=\"wpforms-required-label\" aria-hidden=\"true\">*<\/span><\/label><select id=\"wpforms-23481-field_26\" class=\"wpforms-field-large wpforms-field-required\" name=\"wpforms[fields][26]\" required=\"required\"><option value=\"\" class=\"placeholder\" disabled selected='selected'>Select option<\/option><option value=\"S\u00ed\"  class=\"choice-1 depth-1\"  >Yeah<\/option><option value=\"No\"  class=\"choice-2 depth-1\"  >No<\/option><\/select><\/div><div id=\"wpforms-23481-field_14-container\" class=\"wpforms-field wpforms-field-file-upload\" data-field-type=\"file-upload\" data-field-id=\"14\"><label class=\"wpforms-field-label\" for=\"wpforms-23481-field_14\">CV file upload <span class=\"wpforms-required-label\" aria-hidden=\"true\">*<\/span><\/label><div\n\t\tclass=\"wpforms-uploader wpforms-field-required\"\n\t\tdata-field-id=\"14\"\n\t\tdata-form-id=\"23481\"\n\t\tdata-input-name=\"wpforms_23481_14\"\n\t\tdata-extensions=\"doc,pdf,png,jpg\"\n\t\tdata-max-size=\"2097152\"\n\t\tdata-max-file-number=\"1\"\n\t\tdata-post-max-size=\"2048000\"\n\t\tdata-max-parallel-uploads=\"4\"\n\t\tdata-parallel-uploads=\"true\"\n\t\tdata-file-chunk-size=\"2048000\">\n\t<div class=\"dz-message\">\n\t\t<svg  viewbox=\"0 0 640 640\" focusable=\"false\" data-icon=\"inbox\" width=\"50px\" height=\"50px\" fill=\"currentColor\" aria-hidden=\"true\">\n\t\t\t<path d=\"M352 173.3L352 384C352 401.7 337.7 416 320 416C302.3 416 288 401.7 288 384L288 173.3L246.6 214.7C234.1 227.2 213.8 227.2 201.3 214.7C188.8 202.2 188.8 181.9 201.3 169.4L297.3 73.4C309.8 60.9 330.1 60.9 342.6 73.4L438.6 169.4C451.1 181.9 451.1 202.2 438.6 214.7C426.1 227.2 405.8 227.2 393.3 214.7L352 173.3zM320 464C364.2 464 400 428.2 400 384L480 384C515.3 384 544 412.7 544 448L544 480C544 515.3 515.3 544 480 544L160 544C124.7 544 96 515.3 96 480L96 448C96 412.7 124.7 384 160 384L240 384C240 428.2 275.8 464 320 464zM464 488C477.3 488 488 477.3 488 464C488 450.7 477.3 440 464 440C450.7 440 440 450.7 440 464C440 477.3 450.7 488 464 488z\"\/>\n\t\t<\/svg>\n\n\t\t<span class=\"modern-title\">\n\t\t\t\t\t\t\tDrag &amp; Drop Files, \t\t\t\t<span>Choose Files to Upload<\/span>\n\t\t\t\t\t<\/span>\n\n\t\t\t<\/div>\n<\/div>\n\n<input\n\t\ttype=\"text\"\n\t\tautocomplete=\"off\"\n\t\treadonly\n\t\tclass=\"dropzone-input\"\n\t\tstyle=\"position:absolute!important;clip:rect(0,0,0,0)!important;height:1px!important;width:1px!important;border:0!important;overflow:hidden!important;padding:0!important;margin:0!important;\"\n\t\tid=\"wpforms-23481-field_14\"\n\t\tname=\"wpforms_23481_14\" required\t\tvalue=\"\">\n<div id=\"wpforms-23481-field_14-description\" class=\"wpforms-field-description\">Allowed files: (.doc, .pdf, .png, .jpg). <br>Maximum size 2MB.<br>\r\n<\/div><\/div><div id=\"wpforms-23481-field_8-container\" class=\"wpforms-field wpforms-field-email hide\" data-field-type=\"email\" data-field-id=\"8\"><label class=\"wpforms-field-label\" for=\"wpforms-23481-field_8\">Responsible email<\/label><input type=\"email\" id=\"wpforms-23481-field_8\" class=\"wpforms-field-medium\" name=\"wpforms[fields][8]\" spellcheck=\"false\" aria-errormessage=\"wpforms-23481-field_8-error\" ><\/div><div id=\"wpforms-23481-field_6-container\" class=\"wpforms-field wpforms-field-text hide wpforms-conditional-trigger\" data-field-type=\"text\" data-field-id=\"6\"><label class=\"wpforms-field-label\" for=\"wpforms-23481-field_6\">Employment reference<\/label><input type=\"text\" id=\"wpforms-23481-field_6\" class=\"wpforms-field-medium\" name=\"wpforms[fields][6]\" aria-errormessage=\"wpforms-23481-field_6-error\" ><\/div><div id=\"wpforms-23481-field_3-container\" class=\"wpforms-field wpforms-field-hidden\" data-field-type=\"hidden\" data-field-id=\"3\"><input type=\"hidden\" id=\"wpforms-23481-field_3\" name=\"wpforms[fields][3]\" value=\"https:\/\/projects.grupomainjobs.com\/eng\/wp-json\/wp\/v2\/pages\/23445\"><\/div><div id=\"wpforms-23481-field_13-container\" class=\"wpforms-field wpforms-field-checkbox\" data-field-type=\"checkbox\" data-field-id=\"13\"><fieldset><legend class=\"wpforms-field-label wpforms-label-hide\" aria-hidden=\"false\">Acceptance <span class=\"wpforms-required-label\" aria-hidden=\"true\">*<\/span><\/legend><ul id=\"wpforms-23481-field_13\" class=\"wpforms-field-required\"><li class=\"choice-1 depth-1\"><input type=\"checkbox\" id=\"wpforms-23481-field_13_1\" name=\"wpforms[fields][13][]\" value=\"Doy mi consentimiento expreso y acepto la pol\u00edtica de privacidad. Puede consultar la informaci\u00f3n adicional y detallada sobre protecci\u00f3n de datos en &lt;a href=&quot;\/politica-de-privacidad&quot;&gt;Pol\u00edtica de privacidad&lt;\/a&gt;.\" aria-errormessage=\"wpforms-23481-field_13_1-error\" aria-describedby=\"wpforms-23481-field_13-description\" required><label class=\"wpforms-field-label-inline\" for=\"wpforms-23481-field_13_1\">I give my express consent and accept the privacy policy. You can consult additional and detailed information on data protection at <a href=\"\/politica-de-privacidad\">Privacy Policy<\/a>.<\/label><\/li><\/ul><div id=\"wpforms-23481-field_13-description\" class=\"wpforms-field-description\">English: Controller: Mainjobs Internacional Educativa y Tecnol\u00f3gica, SAU Purpose: To manage the CVs of candidates for employment in our group of companies, as well as to send them information that may be of interest for their professional development with the latest developments in our services. Legitimation: Explicit consent of the interested party given when applying for the application. Transfer of data: Data will not be transferred to third parties, except under legal obligation. Rights: You may exercise your rights of Access, Rectification, Deletion, Opposition, Portability and, where appropriate, Limitation, as explained in the additional information.<\/div><\/fieldset><\/div><\/div><!-- .wpforms-field-container --><div class=\"wpforms-submit-container\" ><input type=\"hidden\" name=\"wpforms[id]\" value=\"23481\"><input type=\"hidden\" name=\"page_title\" value=\"\"><input type=\"hidden\" name=\"page_url\" value=\"https:\/\/projects.grupomainjobs.com\/eng\/wp-json\/wp\/v2\/pages\/23445\"><input type=\"hidden\" name=\"url_referer\" value=\"\"><button type=\"submit\" name=\"wpforms[submit]\" id=\"wpforms-submit-23481\" class=\"wpforms-submit\" data-alt-text=\"Enviando...\" data-submit-text=\"Enviar candidatura\" aria-live=\"assertive\" value=\"wpforms-submit\">Submit application<\/button><img decoding=\"async\" src=\"https:\/\/projects.grupomainjobs.com\/wp-content\/plugins\/wpforms\/assets\/images\/submit-spin.svg\" class=\"wpforms-submit-spinner\" style=\"display: none;\" width=\"26\" height=\"26\" alt=\"Loading\"><\/div><input type=\"hidden\" name=\"trp-form-language\" value=\"eng\"\/><\/form><\/div>  <!-- .wpforms-container -->\n<\/div><\/div>\n<\/div>\n<\/div>\n<\/div>\n<\/div>\n\n\n\n\n\n\n<script>\n  \/\/ Funci\u00f3n para obtener par\u00e1metros de la URL\n  function getParameterByName(name, url) {\n    if (!url) url = window.location.href;\n    name = name.replace(\/[\\[\\]]\/g, \"\\\\$&\");\n    var regex = new RegExp(\"[?&]\" + name + \"(=([^&#]*)|&|#|$)\"),\n        results = regex.exec(url);\n    if (!results) return null;\n    if (!results[2]) return '';\n    return decodeURIComponent(results[2].replace(\/\\+\/g, \" \"));\n  }\n\n  \/\/ Obtener el valor del par\u00e1metro 'ref' de la URL\n  var refValue = getParameterByName('ref');\n\n  \/\/ Asignar el valor obtenido al contenido del span con clase .curso\n  if (refValue) {\n    document.addEventListener('DOMContentLoaded', function() {\n      var cursoSpan = document.querySelector('.curso');\n      if (cursoSpan) {\n        cursoSpan.textContent = refValue;\n      }\n    });\n  }\n<\/script>\n<style class=\"advgb-styles-renderer\">\n\nh5 {\nfont-size:15px;\n}\n\n.wp-block-embed iframe {\n    max-width: 100%;\n    width: 100%;\n    min-height: 500px;\n}\n\n.is-type-video{\ntext-align:center;\n}\n\n\n\n@media (max-width: 991px){\n.contentPrincipal {\n    margin-top: 0px;\n}}\n\n\/* Ancho completo sin caja *\/\n\n#caja{\nwidth:100%;\n}\n\n#caja .col-xs-12 {\n    padding-right: 0;\n    padding-left: 0;\n}\n\n.container-general {\n    padding: 0px 0;\nbackground-color: #ffffff;\n\n}\n\n.wp-block-social-links .wp-block-social-link .wp-block-social-link-anchor, .wp-block-social-links .wp-block-social-link .wp-block-social-link-anchor svg, .wp-block-social-links .wp-block-social-link .wp-block-social-link-anchor:active, .wp-block-social-links .wp-block-social-link .wp-block-social-link-anchor:hover, .wp-block-social-links .wp-block-social-link .wp-block-social-link-anchor:visited {\n    color: #424043;\n}\n\n.wp-block-social-links .wp-social-link svg {\n    height: 1.6em;\n    width: 1.6em;\n}\n\n.wp-block-social-links:not(.is-style-logos-only) .wp-social-link-linkedin {\n    background-color: white;\n}\n\n.wp-block-social-links:not(.is-style-logos-only) .wp-social-link-twitter {\n    background-color: white;\n}\n\n.wp-block-social-links:not(.is-style-logos-only) .wp-social-link-facebook {\n    background-color: white;\n}\n\n.efecto{\ntransition:0.5s;\n}\n\n.efecto:hover{\ntransform: translateY(5%);\n}\n\na {\n    color: #e5e5e5;\n}\n\na:hover {\n    color: white;\n}\n\n.degradado {\n    background: linear-gradient(90deg, rgba(11,6,89,0) 0%, #002850 35%, rgb(38 99 149) 50%, #002850 68%, rgba(16,32,68,0) 100%);\n}\n\n.bordefancy img{\nborder-radius:30% 70% 70% 30% \/ 30% 30% 70% 70%;\n}\n\nblockquote ul li, .tab-pane ul li, .container-general ul li {\n    list-style: circle;\nmargin-bottom:10px;\n}\n\n\/* Acorde\u00f3n*\/\n\n.c-accordion__title {\n    cursor: pointer;\n    padding-right: 2rem;\n    position: relative;\n    background-color: whitesmoke;\n    padding: 15px 35px 15px 15px;\n    border-radius: 5px;\n\t  background-color:white;\n\t  border:1px solid #ededed;\n}\n\n.c-accordion__title:after {\n    font-weight: 600;\n    right: 10px;\n}\n\n.c-accordion__content {\n    padding: 0 15px;\n}\n\n.sinContenido{\n\tpointer-events: none;\n  cursor: default;\n\tpadding: 0px 0px;\n}\n\n.sinContenido .c-accordion__title::after{\n\tdisplay:none;\n}\n\n.c-accordion__title {\n  margin: 0;\n}\n\n.c-accordion__title::after {\n    color: #002850;\n    font-weight: 500;\n    font-size: 20px;\n}\n\n.c-accordion__title {\n    background-color: white;\n    padding: 15px 35px 15px 15px;\n}\n\n.c-accordion__content p {\n    margin-bottom: 10px;\n    margin-top: 10px;\n}\n\ndiv.wpforms-container-full .wpforms-form .wpforms-field {\n    padding: 0px 0px 2px;\n    clear: both;\n}\n\ndiv.wpforms-container-full .wpforms-form input[type=submit], div.wpforms-container-full .wpforms-form button[type=submit], div.wpforms-container-full .wpforms-form .wpforms-page-button {\n    background-color: #192648;\n    border: 1px solid #192648;\n    color: #fff;\n    font-weight: 700;\n}\n\ndiv.wpforms-container-full .wpforms-form button[type=submit]:hover{\n background-color: black;\n color:white;\n}\n\ninput, textarea, select {\n    border: 1px solid #d1d1d1!important;\n    background: #f3f3f3!important;\n    border-radius: 5px;\n}\n\ninput:active, input:focus {\n    border-bottom: 1px solid #37627c!important;\n}\n\nhtml {\n  scroll-padding-top: 2rem;\n}\n\n.c-accordion__title {\n    background-color: white;\n    padding: 15px 35px 15px 15px;\n    color: #002850;\n    border: 1px solid #f7f7f7;\n    margin-bottom: 15px;\n}\n\n.once .c-accordion__title {\n    background-color: #085a80!important;\n    padding: 15px 35px 15px 15px;\n    color: #ffffff!important;\n    border: 1px solid #f7f7f7;\n    margin-bottom: 15px;\n}\n\n.once .c-accordion__title::after {\n    color: #ffffff;\n    font-weight: 500;\n    font-size: 20px;\n}\n\n.hide{\ndisplay:none!important;\n}\n\ndiv.wpforms-container-full .wpforms-form .wpforms-field-label {\n    font-size: 14px;\n}\n\ndiv.wpforms-container-full .wpforms-form .wpforms-field-label-inline {\n    font-size: 14px;\n}\n<\/style>","protected":false},"excerpt":{"rendered":"","protected":false},"author":9192287,"featured_media":0,"parent":3350,"menu_order":0,"comment_status":"closed","ping_status":"closed","template":"","meta":{"inline_featured_image":false,"advgb_blocks_editor_width":"","advgb_blocks_columns_visual_guide":"","_joinchat":[],"footnotes":""},"class_list":["post-23445","page","type-page","status-publish","hentry"],"acf":[],"coauthors":[],"author_meta":{"author_link":"https:\/\/projects.grupomainjobs.com\/eng\/author\/jajimenez\/","display_name":"jajimenez"},"relative_dates":{"created":"Posted 2 years ago","modified":"Updated 2 years ago"},"absolute_dates":{"created":"Posted on February 2, 2024","modified":"Updated on February 13, 2024"},"absolute_dates_time":{"created":"Posted on February 2, 2024 13:14","modified":"Updated on February 13, 2024 10:23"},"featured_img_caption":"","featured_img":false,"series_order":"","_links":{"self":[{"href":"https:\/\/projects.grupomainjobs.com\/eng\/wp-json\/wp\/v2\/pages\/23445","targetHints":{"allow":["GET"]}}],"collection":[{"href":"https:\/\/projects.grupomainjobs.com\/eng\/wp-json\/wp\/v2\/pages"}],"about":[{"href":"https:\/\/projects.grupomainjobs.com\/eng\/wp-json\/wp\/v2\/types\/page"}],"author":[{"embeddable":true,"href":"https:\/\/projects.grupomainjobs.com\/eng\/wp-json\/wp\/v2\/users\/9192287"}],"replies":[{"embeddable":true,"href":"https:\/\/projects.grupomainjobs.com\/eng\/wp-json\/wp\/v2\/comments?post=23445"}],"version-history":[{"count":21,"href":"https:\/\/projects.grupomainjobs.com\/eng\/wp-json\/wp\/v2\/pages\/23445\/revisions"}],"predecessor-version":[{"id":26036,"href":"https:\/\/projects.grupomainjobs.com\/eng\/wp-json\/wp\/v2\/pages\/23445\/revisions\/26036"}],"up":[{"embeddable":true,"href":"https:\/\/projects.grupomainjobs.com\/eng\/wp-json\/wp\/v2\/pages\/3350"}],"wp:attachment":[{"href":"https:\/\/projects.grupomainjobs.com\/eng\/wp-json\/wp\/v2\/media?parent=23445"}],"curies":[{"name":"wp","href":"https:\/\/api.w.org\/{rel}","templated":true}]}}