
{"id":4170,"date":"2016-03-29T08:48:57","date_gmt":"2016-03-29T07:48:57","guid":{"rendered":"https:\/\/projects.grupomainjobs.com\/?post_type=apasionados-rrhh&#038;p=4170"},"modified":"2019-04-01T11:13:31","modified_gmt":"2019-04-01T10:13:31","slug":"sistemas-de-gestion-de-la-responsabilidad-social","status":"publish","type":"apasionados-rrhh","link":"https:\/\/projects.grupomainjobs.com\/ca\/apasionados-rrhh\/sistemas-de-gestion-de-la-responsabilidad-social\/","title":{"rendered":"Sistemas de gesti\u00f3n de la responsabilidad social"},"content":{"rendered":"<p>Un <strong>Sistema de Gesti\u00f3n de la Responsabilidad Social<\/strong> trata de <strong>definir, desarrollar e implantar<\/strong> los procesos que te permiten fomentar el di\u00e1logo con los grupos de inter\u00e9s, la gesti\u00f3n de sus riesgos y los aspectos relevantes en las dimensiones<strong> social, econ\u00f3mica y medioambiental,<\/strong> al mismo tiempo que avanzan en su gesti\u00f3n \u00e9tica, la transparencia y la comunicaci\u00f3n.\u00a0Es f\u00e1cilmente integrable con otros sistemas de gesti\u00f3n.<\/p>\n<p>&nbsp;<\/p>\n<blockquote><p>La <strong>implantaci\u00f3n y certificaci\u00f3n<\/strong> de un Sistema de Gesti\u00f3n de la Responsabilidad Social es voluntaria, sin embargo est\u00e1 valorada por grandes clientes y administraciones porque ofrecen garant\u00eda de que la relaci\u00f3n empresa &#8211; grupo de inter\u00e9s est\u00e1n en materia de sostenibilidad.<\/p>\n<p>&nbsp;<\/p>\n<p><strong>\u00bfPara qui\u00e9n est\u00e1 pensada?<\/strong>\u00a0es ideal para aquellas organizaciones que ya tienen implantados sistemas de gesti\u00f3n como la <a href=\"https:\/\/www.iso.org\/obp\/ui\/#iso:std:iso:9001:ed-5:v1:es\" rel=\"noopener\">ISO 9001<\/a>, la <a href=\"https:\/\/www.iso.org\/obp\/ui\/#iso:std:iso:14001:ed-2:v1:es\" rel=\"noopener\">ISO 14001<\/a>, o la OSHA 18000.<\/p>\n<p>&nbsp;<\/p><\/blockquote>\n<p>&nbsp;<\/p>\n<p><strong>\u00bfQu\u00e9 existe actualmente?<\/strong> Dos est\u00e1ndares de RSE certificables en Espa\u00f1a:<\/p>\n<ul>\n<li><a href=\"http:\/\/www.foretica.org\/tematicas\/sge-21\/\" rel=\"noopener\">Norma SGE21<\/a>, promovido por <a href=\"http:\/\/www.foretica.org\/\" rel=\"noopener\">FOR\u00c9TICA.<\/a><\/li>\n<li>Norma <a href=\"http:\/\/www.aenor.es\/aenor\/certificacion\/resp_social\/resp_rs10.asp#.VvvGUBKLSWs\" rel=\"noopener\">IQNET SR10<\/a>, promovido por <a href=\"http:\/\/www.aenor.es\/\" rel=\"noopener\">AENOR<\/a>.<\/li>\n<\/ul>\n<p>&nbsp;<\/p>\n","protected":false},"featured_media":4593,"template":"","meta":{"inline_featured_image":false,"advgb_blocks_editor_width":"","advgb_blocks_columns_visual_guide":"","_joinchat":[]},"categories":[15,3],"acf":[],"_links":{"self":[{"href":"https:\/\/projects.grupomainjobs.com\/ca\/wp-json\/wp\/v2\/apasionados-rrhh\/4170","targetHints":{"allow":["GET"]}}],"collection":[{"href":"https:\/\/projects.grupomainjobs.com\/ca\/wp-json\/wp\/v2\/apasionados-rrhh"}],"about":[{"href":"https:\/\/projects.grupomainjobs.com\/ca\/wp-json\/wp\/v2\/types\/apasionados-rrhh"}],"wp:featuredmedia":[{"embeddable":true,"href":"https:\/\/projects.grupomainjobs.com\/ca\/wp-json\/wp\/v2\/media\/4593"}],"wp:attachment":[{"href":"https:\/\/projects.grupomainjobs.com\/ca\/wp-json\/wp\/v2\/media?parent=4170"}],"wp:term":[{"taxonomy":"category","embeddable":true,"href":"https:\/\/projects.grupomainjobs.com\/ca\/wp-json\/wp\/v2\/categories?post=4170"}],"curies":[{"name":"wp","href":"https:\/\/api.w.org\/{rel}","templated":true}]}}

Sistemas de gestión de la responsabilidad social

<p>Un <strong>Sistema de Gestión de la Responsabilidad Social</strong> trata de <strong>definir, desarrollar e implantar</strong> los procesos que te permiten fomentar el diálogo con los grupos de interés, la gestión de sus riesgos y los aspectos relevantes en las dimensiones<strong> social, económica y medioambiental,</strong> al mismo tiempo que avanzan en su gestión ética, la transparencia y la comunicación. Es fácilmente integrable con otros sistemas de gestión.</p>
<p>&nbsp;</p>
<blockquote><p>La <strong>implantación y certificación</strong> de un Sistema de Gestión de la Responsabilidad Social es voluntaria, sin embargo está valorada por grandes clientes y administraciones porque ofrecen garantía de que la relación empresa &#8211; grupo de interés están en materia de sostenibilidad.</p>
<p>&nbsp;</p>
<p><strong>¿Para quién está pensada?</strong> es ideal para aquellas organizaciones que ya tienen implantados sistemas de gestión como la <a href="https://www.iso.org/obp/ui/#iso:std:iso:9001:ed-5:v1:es" rel="noopener">ISO 9001</a>, la <a href="https://www.iso.org/obp/ui/#iso:std:iso:14001:ed-2:v1:es" rel="noopener">ISO 14001</a>, o la OSHA 18000.</p>
<p>&nbsp;</p></blockquote>
<p>&nbsp;</p>
<p><strong>¿Qué existe actualmente?</strong> Dos estándares de RSE certificables en España:</p>
<ul>
<li><a href="http://www.foretica.org/tematicas/sge-21/" rel="noopener">Norma SGE21</a>, promovido por <a href="http://www.foretica.org/" rel="noopener">FORÉTICA.</a></li>
<li>Norma <a href="http://www.aenor.es/aenor/certificacion/resp_social/resp_rs10.asp#.VvvGUBKLSWs" rel="noopener">IQNET SR10</a>, promovido por <a href="http://www.aenor.es/" rel="noopener">AENOR</a>.</li>
</ul>
<p>&nbsp;</p>
